 2*a - 1. Let r be n(-2). Let b be p(r). Calculate the greatest common factor of 1 and b.
1
Suppose 0 = 4*j - 26 + 14. Suppose y + 2*y = -3. Let h(i) = -3*i. Let s be h(y). What is the highest common factor of s and j?
3
Suppose -y - 14 = -3*y. Suppose -11 = -4*q + 5. Suppose -2*l = -q*l + 154. Calculate the highest common divisor of y and l.
7
Suppose 3*v + 3*r = 0, 3*r + 20 = -r. Suppose 3*h = -4*g + 86 + 37, 148 = v*g - 2*h. Calculate the highest common divisor of 15 and g.
15
Let d(q) = 6*q + 7. Suppose -15 = 7*r - 12*r. Let f be d(r). Calculate the highest common divisor of f and 5.
5
Let z(a) = a**2 + 19*a - 18. Let d(i) = -i**2 - 20*i + 18. Let x(o) = -4*d(o) - 5*z(o). Let r be x(-15). Calculate the highest common divisor of r and 45.
9
Let b be (-163)/(-3) + 4/(-12). Let l = -3 - -10. Suppose 3*y - l*y = -24. What is the highest common divisor of y and b?
6
Let h(c) = c**2 + 4*c - 19. Let z be h(-7). Suppose 3*r + 15 = 84. Let d = r + -1. Calculate the greatest common divisor of z and d.
2
Suppose -v - f = -4*f - 233, 0 = -4*v - f + 984. Calculate the greatest common factor of v and 98.
49
Let j be ((-10)/2)/((-3)/21). Let f(u) = u**3 + 5*u**2 + 3*u + 10. Let c be f(-4). Calculate the highest common factor of j and c.
7
Let v be (-4)/(-6) - (-2898)/27. Let n(r) = -14*r - 2. Let a be n(-5). Suppose -5*k = 8 - a. Calculate the highest common factor of v and k.
12
Suppose -29 = -z - 2*i - 3, -z - i + 27 = 0. Suppose 0 = j - 6*j + 680. Let a = -66 + j. Calculate the greatest common factor of z and a.
14
Suppose -1 + 5 = c. Suppose 0 = c*i + i - 80. Calculate the greatest common factor of 4 and i.
4
Suppose -5*w = -l + 24 - 7, 0 = 2*l - 3*w - 69. Suppose -4*h = -h - l. What is the greatest common divisor of h and 42?
14
Let y(v) = 5*v + 5. Suppose 4*n + 40 = 5*w, 11 = 5*w + n - 4. Let h be y(w). Calculate the greatest common divisor of 5 and h.
5
Let z be (-33)/(-9) + (-2)/(-6). Suppose 0 = z*g + x - 13, 5*g + 4*x - 30 = -0*g. Suppose 9 = g*a + 3. What is the greatest common factor of 1 and a?
1
Suppose 16*u - 104 = 8*u. Calculate the highest common divisor of u and 65.
13
Suppose -z - 7 - 15 = -5*n, 5*z = n + 10. Suppose -3 = -2*b - 5*d, z*d = 5*b + d - 51. Calculate the greatest common divisor of b and 63.
9
Suppose -2*r = -3*r + 19. Suppose 0*a - 4*z = -a + r, -5*a - 5*z = -145. Let o = a - 15. What is the greatest common factor of o and 30?
6
Suppose 0 = -5*d - 15 + 95. Calculate the greatest common factor of d and 176.
16
Suppose 55 + 8 = 3*t. Let k be 48/t - 4/14. Suppose -3*w + 3*z = -8*w + 1, z - 5 = -4*w. Calculate the highest common divisor of k and w.
2
Suppose 2*w + 2*h - 54 = 0, 7*h - 9*h - 96 = -4*w. Calculate the highest common factor of w and 10.
5
Let m = -2 + 4. Suppose w = -4*k + m*w + 24, 4*k - 20 = 2*w. What is the highest common factor of 56 and k?
7
Let x = -44 + 56. What is the greatest common divisor of 30 and x?
6
Let m = 29 - 15. What is the highest common divisor of 98 and m?
14
Let o be (-1)/((-2)/(42 - 2)). Suppose 4*b + 15 = -3*g + 43, 0 = 3*b - 3. What is the greatest common divisor of o and g?
4
Let t(f) = f - 5. Let z be t(5). Suppose 0*u - 5*u + 10 = z. Let l(m) = m**3 + 4*m**2 + m. Let g be l(-3). What is the highest common divisor of u and g?
2
Let u(v) = 15*v + 3. Suppose -2*q + 14 = -0*q. Let z be u(q). Let s = 4 + 8. Calculate the highest common factor of z and s.
12
Let a = -8 - -17. Calculate the highest common divisor of a and 6.
3
Suppose 3*n - 6 = 5*f, -5*n - 5*f - 14 = -64. Calculate the highest common factor of n and 28.
7
Suppose o = 5*z - 52, 2*z = 4*z + o - 18. Let h = -24 - -197. Let d = h - 63. Calculate the highest common divisor of d and z.
10
Let r = -4 - -7. Suppose -i + 4*x = -r*i + 8, -5*i + 2*x = -20. What is the highest common divisor of i and 8?
4
Suppose 5*b + 4*i + 1 = 26, 0 = 5*b - 2*i - 55. Calculate the greatest common divisor of 72 and b.
9
Suppose 3*u - 66 = -4*j + 5*j, -2*u + 37 = -3*j. Calculate the highest common factor of u and 253.
23
Let z be -2 - (-4 + 2) - -12. Calculate the highest common divisor of 60 and z.
12
Let j(c) = c**2 + 3*c - 7. Let q(y) = -1 + 0*y + 1 - y. Let v(m) = j(m) + 4*q(m). Let k be v(5). What is the greatest common divisor of k and 39?
13
Suppose -3*r = -24 - 6. Let m = r + 0. Let y = -152 - -262. What is the highest common factor of y and m?
10
Let k(g) = -2*g + 12. Let w be k(10). Let r be (-35)/(-2) - 4/w. What is the greatest common divisor of 27 and r?
9
Let d = 6 - 6. Suppose d*z + 5*z - 340 = 0. Calculate the highest common divisor of z and 17.
17
Suppose -4*g - 5*w + 2 = -5, 0 = -g + w + 4. Let a = 5 - -16. Calculate the greatest common divisor of a and g.
3
Let j = 4 + -1. Suppose -3*n = -2*v - 21, -20 = -2*n + j*v - 1. Suppose 35 = n*i - 4*i. Calculate the greatest common factor of 14 and i.
7
Suppose -2*l = -4*l - 5*g - 21, -3*g - 19 = -2*l. Let u = l + 19. Calculate the greatest common divisor of 14 and u.
7
Let s be 6/60 - 4298/(-20). What is the highest common divisor of 43 and s?
43
Let q be (0 + 18/(-2))/1. Let y be 20/3 - (-6)/q. Let u = 10 - y. What is the greatest common factor of 6 and u?
2
Let t = 167 - 159. What is the highest common factor of 2 and t?
2
Let p = -2 - -6. Let a = 5 - p. Calculate the greatest common divisor of 8 and a.
1
Let b = -4 - -9. Suppose 0 = -b*z - 6*q + q + 85, -4*q = -z + 37. What is the greatest common factor of 3 and z?
3
Let q(g) = -11*g - 2. Let u be q(-10). What is the greatest common divisor of u and 36?
36
Let g be (-2 - 11/1)*-3. Let b(c) = -2*c + 3. Let o(h) = -1. Let j(n) = b(n) + 2*o(n). Let r be j(-6). What is the highest common factor of r and g?
13
Let z be (3 - (1 + -1)) + 1. Let p = 1 - -1. Let t be (p - 3) + 15*3. Calculate the greatest common factor of t and z.
4
Let y be 1/5 + 78/10. Let x = 24 - y. What is the greatest common factor of x and 144?
16
Suppose 3*p - 24 = -0*p. Calculate the greatest common divisor of p and 32.
8
Let t be (358 - -2) + 2 + 3. Suppose 2*x = -c + 70, -5*c + 0*c + t = -5*x. What is the greatest common divisor of c and 8?
8
Suppose 5*a - a - 5*x = 72, 8 = -2*x. Let u = a + 1. What is the greatest common divisor of 14 and u?
14
Let m(h) = -5*h**2 + 4*h + 8*h**2 - 3*h. Let a be m(1). What is the greatest common factor of 12 and a?
4
Let t be -72*((-4)/30)/((-3)/(-15)). Calculate the highest common divisor of 72 and t.
24
Suppose -q = 2*q - 3. What is the greatest common factor of q and 3?
1
Suppose 0 = -52*v + 56*v - 12. What is the highest common divisor of 3 and v?
3
Let q be (-3)/(-3) + 1 + 28. Suppose -4*c = -0*c - 32. Let k be (-20)/c*(0 - 6). Calculate the greatest common divisor of k and q.
15
Suppose 178 + 53 = 11*v. What is the greatest common factor of v and 14?
7
Let m be ((-9)/5)/((-15)/50). Let p be (m/4)/(2/4). Suppose -l + p = -0. What is the greatest common factor of l and 3?
3
Let b = -7 - -15. What is the greatest common factor of 12 and b?
4
Let s(c) = -c**2 + 10*c. Let g be s(9). Calculate the highest common divisor of g and 18.
9
Let p(h) = h**3 - 5*h**2 - 9*h + 5. Let a be p(6). Let i = 33 + a. Suppose -i - 20 = -5*y. What is the greatest common factor of y and 40?
8
Let r be 2/8 + 3/4. Let q = r + 1. Suppose -v + q*v = 21. What is the highest common divisor of 84 and v?
21
Let d(i) = -i + 2. Suppose -15 = 3*p - 0. Let r be d(p). What is the greatest common divisor of 28 and r?
7
Let o = 12 - 7. Suppose b + m = 25, 4*b + 0*m - 97 = -o*m. Let s be -2*(-2 + 0) + 0. Calculate the highest common divisor of s and b.
4
Let r be 44/7 + 16/(-7) + 2. Calculate the highest common factor of 54 and r.
6
Let k = -554 - -1038. Suppose -4*g - 4*r = -k, 2*r = g - r - 141. Let p be (1 - (-13 - -2)) + 2. What is the highest common factor of p and g?
14
Let h(g) = -3*g - 26. Let c be h(-9). Calculate the highest common factor of 3 and c.
1
Let s(l) = l**3 - 3*l**2 - 3*l. Let o be s(4). Suppose c = 5*c + o*n - 20, 0 = -5*c + 2*n + 25. Calculate the greatest common divisor of c and 10.
5
Let v(r) = -34*r + 309. Let l be v(9). Let n = -5 + 8. Calculate the greatest common factor of n and l.
3
Let s(t) = 29*t + 4. Let i be s(4). What is the greatest common factor of 90 and i?
30
Suppose 3*t + 3 = r + 9, 2*t - 4 = 2*r. Let m(s) = 4*s**2 - 2*s + 2. Let n